[INFO] fetching crate folda 0.0.1...
[INFO] checking folda-0.0.1 against master#af3c6e733a40e671550e0f0f5aeecaa13772ba56 for pr-74989
[INFO] extracting crate folda 0.0.1 into /workspace/builds/worker-1/source
[INFO] validating manifest of crates.io crate folda 0.0.1 on toolchain af3c6e733a40e671550e0f0f5aeecaa13772ba56
[INFO] running `Command { std: "/workspace/cargo-home/bin/cargo" "+af3c6e733a40e671550e0f0f5aeecaa13772ba56" "read-manifest" "--manifest-path" "Cargo.toml", kill_on_drop: false }`
[INFO] started tweaking crates.io crate folda 0.0.1
[INFO] finished tweaking crates.io crate folda 0.0.1
[INFO] tweaked toml for crates.io crate folda 0.0.1 written to /workspace/builds/worker-1/source/Cargo.toml
[INFO] running `Command { std: "/workspace/cargo-home/bin/cargo" "+af3c6e733a40e671550e0f0f5aeecaa13772ba56" "generate-lockfile" "--manifest-path" "Cargo.toml" "-Zno-index-update", kill_on_drop: false }`
[INFO] [stderr]     Blocking waiting for file lock on package cache
[INFO] running `Command { std: "/workspace/cargo-home/bin/cargo" "+af3c6e733a40e671550e0f0f5aeecaa13772ba56" "fetch" "--locked" "--manifest-path" "Cargo.toml", kill_on_drop: false }`
[INFO] [stderr]     Blocking waiting for file lock on package cache
[INFO] running `Command { std: "docker" "create" "-v" "/var/lib/crater-agent-workspace/builds/worker-1/target:/opt/rustwide/target:rw,Z" "-v" "/var/lib/crater-agent-workspace/builds/worker-1/source:/opt/rustwide/workdir:ro,Z" "-v" "/var/lib/crater-agent-workspace/cargo-home:/opt/rustwide/cargo-home:ro,Z" "-v" "/var/lib/crater-agent-workspace/rustup-home:/opt/rustwide/rustup-home:ro,Z" "-e" "SOURCE_DIR=/opt/rustwide/workdir" "-e" "CARGO_TARGET_DIR=/opt/rustwide/target" "-e" "CARGO_HOME=/opt/rustwide/cargo-home" "-e" "RUSTUP_HOME=/opt/rustwide/rustup-home" "-w" "/opt/rustwide/workdir" "-m" "1610612736" "--user" "0:0" "--network" "none" "rustops/crates-build-env@sha256:d92eaeed33fa75130ca1ee6c8a01d1ffb62bac859dfdfb3450e3e5d1c0146529" "/opt/rustwide/cargo-home/bin/cargo" "+af3c6e733a40e671550e0f0f5aeecaa13772ba56" "metadata" "--no-deps" "--format-version=1", kill_on_drop: false }`
[INFO] [stderr] WARNING: Your kernel does not support swap limit capabilities or the cgroup is not mounted. Memory limited without swap.
[INFO] [stdout] fa2aef6e721da65305f6d528a75a6a27ebc969aa2b9096ff0e9ed6ea80d18dfa
[INFO] running `Command { std: "docker" "start" "-a" "fa2aef6e721da65305f6d528a75a6a27ebc969aa2b9096ff0e9ed6ea80d18dfa", kill_on_drop: false }`
[INFO] running `Command { std: "docker" "inspect" "fa2aef6e721da65305f6d528a75a6a27ebc969aa2b9096ff0e9ed6ea80d18dfa", kill_on_drop: false }`
[INFO] running `Command { std: "docker" "rm" "-f" "fa2aef6e721da65305f6d528a75a6a27ebc969aa2b9096ff0e9ed6ea80d18dfa", kill_on_drop: false }`
[INFO] [stdout] fa2aef6e721da65305f6d528a75a6a27ebc969aa2b9096ff0e9ed6ea80d18dfa
[INFO] running `Command { std: "docker" "create" "-v" "/var/lib/crater-agent-workspace/builds/worker-1/target:/opt/rustwide/target:rw,Z" "-v" "/var/lib/crater-agent-workspace/builds/worker-1/source:/opt/rustwide/workdir:ro,Z" "-v" "/var/lib/crater-agent-workspace/cargo-home:/opt/rustwide/cargo-home:ro,Z" "-v" "/var/lib/crater-agent-workspace/rustup-home:/opt/rustwide/rustup-home:ro,Z" "-e" "SOURCE_DIR=/opt/rustwide/workdir" "-e" "CARGO_TARGET_DIR=/opt/rustwide/target" "-e" "CARGO_INCREMENTAL=0" "-e" "RUST_BACKTRACE=full" "-e" "RUSTFLAGS=--cap-lints=forbid" "-e" "CARGO_HOME=/opt/rustwide/cargo-home" "-e" "RUSTUP_HOME=/opt/rustwide/rustup-home" "-w" "/opt/rustwide/workdir" "-m" "1610612736" "--user" "0:0" "--network" "none" "rustops/crates-build-env@sha256:d92eaeed33fa75130ca1ee6c8a01d1ffb62bac859dfdfb3450e3e5d1c0146529" "/opt/rustwide/cargo-home/bin/cargo" "+af3c6e733a40e671550e0f0f5aeecaa13772ba56" "check" "--frozen" "--all" "--all-targets" "--message-format=json", kill_on_drop: false }`
[INFO] [stdout] 9ef992bd83ee84787fd898f409a331fd44f4af43dbaf418e86bf4bf46673b9dc
[INFO] [stderr] WARNING: Your kernel does not support swap limit capabilities or the cgroup is not mounted. Memory limited without swap.
[INFO] running `Command { std: "docker" "start" "-a" "9ef992bd83ee84787fd898f409a331fd44f4af43dbaf418e86bf4bf46673b9dc", kill_on_drop: false }`
[INFO] [stderr]     Blocking waiting for file lock on package cache
[INFO] [stderr]    Compiling quote v0.3.15
[INFO] [stderr]     Checking uuid v0.7.4
[INFO] [stderr]    Compiling syn v0.11.11
[INFO] [stderr]    Compiling synstructure v0.6.1
[INFO] [stderr]    Compiling display_derive v0.0.0
[INFO] [stderr]     Checking folda v0.0.1 (/opt/rustwide/workdir)
[INFO] [stdout] warning: unused return value of `std::mem::replace` that must be used
[INFO] [stdout]    --> src/lib.rs:282:9
[INFO] [stdout]     |
[INFO] [stdout] 282 |         mem::replace(retrived_mark, State::InStore(Rc::new(value)));
[INFO] [stdout]     |         ^^^^^^^^^^^^^^^^^^^^^^^^^^^^^^^^^^^^^^^^^^^^^^^^^^^^^^^^^^^^
[INFO] [stdout]     |
[INFO] [stdout]     = note: `#[warn(unused_must_use)]` on by default
[INFO] [stdout]     = note: if you don't need the old value, you can just assign the new value directly
[INFO] [stdout] 
[INFO] [stdout] 
[INFO] [stdout] warning: unused return value of `std::mem::replace` that must be used
[INFO] [stdout]    --> src/lib.rs:282:9
[INFO] [stdout]     |
[INFO] [stdout] 282 |         mem::replace(retrived_mark, State::InStore(Rc::new(value)));
[INFO] [stdout]     |         ^^^^^^^^^^^^^^^^^^^^^^^^^^^^^^^^^^^^^^^^^^^^^^^^^^^^^^^^^^^^
[INFO] [stdout]     |
[INFO] [stdout]     = note: `#[warn(unused_must_use)]` on by default
[INFO] [stdout]     = note: if you don't need the old value, you can just assign the new value directly
[INFO] [stdout] 
[INFO] [stdout] 
[INFO] [stdout] warning: 1 warning emitted
[INFO] [stdout] 
[INFO] [stdout] 
[INFO] [stdout] warning: 1 warning emitted
[INFO] [stdout] 
[INFO] [stdout] 
[INFO] [stdout] error[E0432]: unresolved import `rod`
[INFO] [stdout]  --> tests/store.rs:4:5
[INFO] [stdout]   |
[INFO] [stdout] 4 | use rod::*;
[INFO] [stdout]   |     ^^^ use of undeclared type or module `rod`
[INFO] [stdout] 
[INFO] [stdout] 
[INFO] [stdout] error[E0433]: failed to resolve: use of undeclared type or module `StoreError`
[INFO] [stdout]   --> tests/store.rs:34:28
[INFO] [stdout]    |
[INFO] [stdout] 34 |         mem::discriminant(&StoreError::Existing),
[INFO] [stdout]    |                            ^^^^^^^^^^ use of undeclared type or module `StoreError`
[INFO] [stdout] 
[INFO] [stdout] 
[INFO] [stdout] error[E0433]: failed to resolve: use of undeclared type or module `LockError`
[INFO] [stdout]   --> tests/store.rs:64:28
[INFO] [stdout]    |
[INFO] [stdout] 64 |         mem::discriminant(&LockError::Locked),
[INFO] [stdout]    |                            ^^^^^^^^^ use of undeclared type or module `LockError`
[INFO] [stdout] 
[INFO] [stdout] 
[INFO] [stdout] error[E0433]: failed to resolve: use of undeclared type or module `LockError`
[INFO] [stdout]    --> tests/store.rs:114:28
[INFO] [stdout]     |
[INFO] [stdout] 114 |         mem::discriminant(&LockError::Borrowed),
[INFO] [stdout]     |                            ^^^^^^^^^ use of undeclared type or module `LockError`
[INFO] [stdout] 
[INFO] [stdout] 
[INFO] [stdout] error[E0433]: failed to resolve: use of undeclared type or module `BorrowError`
[INFO] [stdout]    --> tests/store.rs:124:28
[INFO] [stdout]     |
[INFO] [stdout] 124 |         mem::discriminant(&BorrowError::Locked),
[INFO] [stdout]     |                            ^^^^^^^^^^^ use of undeclared type or module `BorrowError`
[INFO] [stdout] 
[INFO] [stdout] 
[INFO] [stdout] error[E0433]: failed to resolve: use of undeclared type or module `Store`
[INFO] [stdout]   --> tests/store.rs:23:17
[INFO] [stdout]    |
[INFO] [stdout] 23 |     let store = Store::new();
[INFO] [stdout]    |                 ^^^^^ not found in this scope
[INFO] [stdout]    |
[INFO] [stdout] help: consider importing this struct
[INFO] [stdout]    |
[INFO] [stdout] 1  | use folda::Store;
[INFO] [stdout]    |
[INFO] [stdout] 
[INFO] [stdout] 
[INFO] [stdout] error[E0433]: failed to resolve: use of undeclared type or module `Store`
[INFO] [stdout]   --> tests/store.rs:45:17
[INFO] [stdout]    |
[INFO] [stdout] 45 |     let store = Store::new();
[INFO] [stdout]    |                 ^^^^^ not found in this scope
[INFO] [stdout]    |
[INFO] [stdout] help: consider importing this struct
[INFO] [stdout]    |
[INFO] [stdout] 1  | use folda::Store;
[INFO] [stdout]    |
[INFO] [stdout] 
[INFO] [stdout] 
[INFO] [stdout] error[E0433]: failed to resolve: use of undeclared type or module `Store`
[INFO] [stdout]   --> tests/store.rs:80:17
[INFO] [stdout]    |
[INFO] [stdout] 80 |     let store = Store::new();
[INFO] [stdout]    |                 ^^^^^ not found in this scope
[INFO] [stdout]    |
[INFO] [stdout] help: consider importing this struct
[INFO] [stdout]    |
[INFO] [stdout] 1  | use folda::Store;
[INFO] [stdout]    |
[INFO] [stdout] 
[INFO] [stdout] 
[INFO] [stdout] error[E0433]: failed to resolve: use of undeclared type or module `Store`
[INFO] [stdout]    --> tests/store.rs:100:17
[INFO] [stdout]     |
[INFO] [stdout] 100 |     let store = Store::new();
[INFO] [stdout]     |                 ^^^^^ not found in this scope
[INFO] [stdout]     |
[INFO] [stdout] help: consider importing this struct
[INFO] [stdout]     |
[INFO] [stdout] 1   | use folda::Store;
[INFO] [stdout]     |
[INFO] [stdout] 
[INFO] [stdout] 
[INFO] [stdout] error: aborting due to 9 previous errors
[INFO] [stdout] 
[INFO] [stdout] 
[INFO] [stdout] Some errors have detailed explanations: E0432, E0433.
[INFO] [stdout] 
[INFO] [stdout] For more information about an error, try `rustc --explain E0432`.
[INFO] [stdout] 
[INFO] [stderr] error: could not compile `folda`.
[INFO] [stderr] 
[INFO] [stderr] To learn more, run the command again with --verbose.
[INFO] running `Command { std: "docker" "inspect" "9ef992bd83ee84787fd898f409a331fd44f4af43dbaf418e86bf4bf46673b9dc", kill_on_drop: false }`
[INFO] running `Command { std: "docker" "rm" "-f" "9ef992bd83ee84787fd898f409a331fd44f4af43dbaf418e86bf4bf46673b9dc", kill_on_drop: false }`
[INFO] [stdout] 9ef992bd83ee84787fd898f409a331fd44f4af43dbaf418e86bf4bf46673b9dc
